232*u**2 - 491*u + 4685. Give h(234).
-697
Let z(y) = -2*y**2 - 130*y - 1257. What is z(-44)?
591
Let t(j) = -12839*j + 51404. Determine t(4).
48
Let d(f) = 184417*f + 2581840. Calculate d(-14).
2
Let v(g) = g**3 + 499*g**2 + 3655*g + 6703. What is v(-4)?
3
Let v(i) = 21*i**3 - 196*i**2 - 42*i + 950. What is v(9)?
5
Let o(i) = 2*i**3 + i**2 - 5*i + 3. Calculate o(4).
127
Let m(b) = 83*b**2 + 836*b + 66. Determine m(-10).
6
Let g(f) = -f**2 + 167*f - 5135. What is g(107)?
1285
Let t(n) = -159280*n + 1114959. What is t(7)?
-1
Let f(r) = -565*r**2 - 11325*r + 35. Determine f(-20).
535
Let o(x) = -202*x**2 + 16768*x - 165. Calculate o(83).
1
Let h(p) = -304*p**2 - 7295*p + 42. Calculate h(-24).
18
Let m(j) = j**3 + 132*j**2 - 948*j - 54938. What is m(-136)?
6
Let c(o) = 2130*o - 9631. Determine c(5).
1019
Let x(i) = -258*i**2 - 1401*i - 571. Determine x(-5).
-16
Let j(w) = -303*w + 42917. Determine j(139).
800
Let r(j) = -2*j**2 - 238*j + 98962. Determine r(-290).
-218
Let b(i) = -18294*i - 36585. Calculate b(-2).
3
Let r(v) = 850*v - 878. What is r(1)?
-28
Let a(y) = 10*y**3 - 27*y**2 + 104*y - 8. Give a(3).
331
Let a(u) = -1147*u + 107823. What is a(94)?
5
Let f(v) = -10323*v + 164862. What is f(16)?
-306
Let c(h) = -6*h**2 + 105*h + 2437. Give c(-21).
-2414
Let q(z) = 1694*z - 62775. Calculate q(37).
-97
Let s(y) = -383*y + 22038. What is s(58)?
-176
Let i(k) = -k**3 + 46*k**2 + 218*k - 7782. What is i(44)?
5682
Let s(n) = 4*n**3 + 706*n**2 - 402*n - 8605. Determine s(-177).
-109
Let v(z) = -16*z**2 - 636*z + 6333. What is v(-48)?
-3
Let k(l) = 6144*l + 301051. What is k(-49)?
-5
Let h(l) = 3*l**3 - 436*l**2 + 254*l - 15742. Determine h(145).
63
Let y(t) = -t**2 + 3422*t - 415301. What is y(126)?
-5
Let n(a) = 1548*a**2 - 7739*a. What is n(5)?
5
Let q(n) = 7428*n + 1493013. Calculate q(-201).
-15
Let d(y) = -y**3 - 135*y**2 - 10*y - 44. Calculate d(0).
-44
Let r(w) = -210*w**2 + 389*w + 1797. Calculate r(4).
-7
Let t(q) = -q**3 + 31*q**2 - 1342*q + 44033. Give t(32).
65
Let q(l) = -l**2 - 22376*l + 1368574. Determine q(61).
-83
Let p(k) = -2369*k + 21331. Give p(9).
10
Let h(y) = 45*y - 3533. Calculate h(72).
-293
Let a(t) = 7*t**2 - 673*t + 3305. Determine a(91).
29
Let w(z) = -4*z**2 + 5140*z + 25732. Calculate w(-5).
-68
Let l(v) = v**2 + 20066*v - 301. Give l(0).
-301
Let f(h) = -170400*h + 511202. Give f(3).
2
Let b(k) = -5*k**2 - 224*k - 510. Give b(-43).
-123
Let m(j) = j**3 - 97*j**2 - 102. Determine m(97).
-102
Let w(i) = 164335*i + 492991. Determine w(-3).
-14
Let b(u) = 157*u + 460. Calculate b(-8).
-796
Let j(d) = -212*d + 4327. Give j(15).
1147
Let k(g) = -219*g + 4112. Give k(26).
-1582
Let w(y) = -y**3 - 12*y**2 + 16*y + 61. What is w(-15)?
496
Let i(p) = 5*p**2 - 354*p - 615. Calculate i(71).
-544
Let o(m) = 20846*m + 41. Give o(0).
41
Let v(o) = -o**2 + 31*o - 112. Calculate v(18).
122
Let r(w) = -4*w**3 - 100*w**2 + 691*w + 2916. What is r(8)?
-4
Let d(b) = b**2 - 213467*b - 21356696. Determine d(-100).
4
Let f(w) = w**2 + 8*w - 5272. What is f(74)?
796
Let c(d) = 136*d + 2936. What is c(-28)?
-872
Let b(p) = -590*p - 11197. Give b(-19).
13
Let h(a) = -5298*a - 20852. Give h(-4).
340
Let i(z) = 7618*z - 91251. Calculate i(12).
165
Let r(w) = -43*w**2 + 1284*w - 2564. Determine r(2).
-168
Let i(x) = -56502*x + 9548836. Determine i(169).
-2
Let z(a) = a**3 + 1635*a**2 - 101698*a - 178. Determine z(60).
-58
Let v(g) = 23617*g + 236197. What is v(-10)?
27
Let c(k) = 2199*k**3 - 79164*k**2 + 13*k + 61. What is c(36)?
529
Let j(b) = -b**3 - 83*b**2 - 1144*b + 14. Give j(-65).
-1676
Let w(a) = -1871*a + 13541. Calculate w(7).
444
Let y(n) = -n**3 - 116*n**2 + 626*n + 1391. Give y(-121).
-1150
Let t(o) = 980*o - 205673. Give t(210).
127
Let c(z) = -z**3 - 18*z**2 - 74*z - 1153. Determine c(-18).
179
Let p(h) = 5*h**3 + 154*h**2 - 4*h + 70. Calculate p(-31).
-767
Let t(v) = -27*v**3 + 4103*v**2 + 143*v + 1334. Calculate t(152).
-34
Let z(f) = -3*f**2 + 1055*f - 29850. What is z(31)?
-28
Let x(u) = -48*u**2 + 334*u + 515. Give x(9).
-367
Let n(f) = -f**2 - 321*f - 24565. What is n(-126)?
5
Let u(o) = 15*o**3 - 175*o**2 - 125*o + 3750. Calculate u(10).
0
Let d(w) = -2*w**2 + 815*w + 198585. Calculate d(579).
-12
Let r(j) = j**3 - 13*j**2 + 9*j + 147. Give r(13).
264
Let r(l) = -l**2 - 1712*l + 186699. Give r(103).
-246
Let w(z) = z**3 - 24*z**2 - 178*z + 10. Give w(-9).
-1061
Let y(x) = -x**2 - 169*x - 4886. What is y(-134)?
-196
Let g(m) = -6251*m + 3. Calculate g(0).
3
Let p(n) = 8*n**2 - 99*n - 10. Calculate p(16).
454
Let t(j) = -7*j**2 - 5*j - 71. What is t(0)?
-71
Let a(u) = -568*u + 21708. Give a(33).
2964
Let l(f) = 10*f**3 - 216*f**2 - 1788*f - 113. Determine l(28).
-1
Let j(r) = -1761*r**2 - 5307*r + 41. Determine j(-3).
113
Let s(t) = -t**3 + 169*t**2 - 567*t + 11106. Give s(166).
-348
Let q(w) = -1239*w**2 - 120184*w - 39. Determine q(-97).
58
Let g(i) = i**2 + 1280*i - 835796. Determine g(476).
60
Let l(a) = -5413*a + 5265. Give l(1).
-148
Let i(p) = 501*p**2 - 768*p - 2197. Calculate i(3).
8
Let q(z) = z**3 + 11*z**2 - 755*z - 10788. Determine q(-16).
12
Let m(w) = 276*w + 29878. Give m(-108).
70
Let o(v) = v**3 + 3*v**2 + 307*v - 1797. What is o(6)?
369
Let c(d) = -2*d**2 + 1250*d - 139879. What is c(479)?
-11
Let x(s) = s**3 + 11*s**2 - 699*s - 6392. Determine x(-9).
61
Let j(a) = a**3 + 110*a**2 - 237*a - 613. Calculate j(-112).
843
Let g(b) = -b**3 + 8*b**2 - 67*b + 676. Determine g(8).
140
Let s(r) = 5*r**2 + 136*r + 1240. Calculate s(-25).
965
Let y(b) = 1506*b + 125011. Calculate y(-83).
13
Let q(h) = 2*h**2 - 393*h - 12034. Determine q(-27).
35
Let p(w) = -7*w**2 - 610*w + 45546. Calculate p(-135).
321
Let j(g) = -g**2 + 1110*g + 141165. Determine j(-115).
290
Let z(m) = 5*m**2 - 1294*m + 7721. Calculate z(6).
137
Let k(s) = 38059*s - 190292. What is k(5)?
3
Let s(l) = -41*l**3 - 208*l**2 - 33*l - 85. What is s(-5)?
5
Let j(d) = -2*d**3 - 3246*d**2 - 9674*d + 74522. What is j(-1620)?
2
Let l(h) = -h**3 + 1301*h + 6505. Give l(-5).
125
Let k(s) = -5*s**2 + 95*s - 547. What is k(22)?
-877
Let c(u) = -2588*u - 4390. Determine c(-2).
786
Let n(j) = -4*j**3 - 37*j**2 + 19*j + 546. What is n(-6)?
-36
Let b(c) = -c**3 - 55*c**2 + 1154*c - 5036. Determine b(-72).
4
Let s(a) = -66*a + 566. Determine s(21).
-820
Let u(s) = 1188*s + 49891. Calculate u(-42).
-5
Let r(a) = -9*a**2 - 3868*a + 60083. Determine r(15).
38
Let x(u) = u**3 - 77*u**2 - 40*u + 8628. Give x(76).
-188
Let f(h) = -134*h**2 + 613*h + 115. What is f(5)?
-170
Let m(l) = -l**2 + 12*l + 1396. Calculate m(-34).
-168
Let k(f) = 13826*f - 566859. Give k(41).
7
Let a(j) = 9*j**3 - 252*j**2 - 3440*j + 762. Calculate a(38).
2
Let x(u) = u**3 - 174*u**2 + 1627*u + 2160. What is x(164)?
28
Let r(j) = -322*j - 67373. What is r(-209)?
-75
Let j(q) = q**3 + 81*q**2 + 23*q - 4404. Calculate j(-80).
156
Let j(t) = -t**3 + 123*t**2 + 1938*t - 2776. What is j(137)?
-36
Let d(m) = 5*m**3 + 116*m**2 - 51*m - 64. What is d(1)?
6
Let i(u) = -526*u - 1383. Give i(-4).
721
Let o(f) = -2*f**2 + 711*f + 45189. Calculate o(-55).
34
Let p(a) = -50*a - 1732. Calculate p(-37).
118
Let o(f) = f**3 - 945*f**2 - 132*f + 124742. Determine o(945).
2
Let k(y) = y**2 + 5835*y + 46584. What is k(-8)?
-32
Let a(o) = o**3 + 1548*o**2 + 231*o + 357589. Calculate a(-1548).
1
Let w(x) = -x**3 - 14*x**2 - 188*x + 2040. Determine w(7).
-305
Let o(q) = -192161*q - 4996208. Give o(-26).
-22
Let d(l) = 8*l + 116. Determine d(0).
116
Let g(j) = -6*j**3 + 657*j**2 + 312*j + 1713. Calculate g(110).
-267
Let k(z) = z**3 - 59*z**2 - 429*z + 55. Determine k(-7).
-176
Let b(g) = 9*g**3 + 174*g**2 + 52*g - 100. Calculate b(-19).
-5
Let s(t) = 159537*t + 797688. Give s(-5).
3
Let p(i) = -553*i + 3855. Determine p(7).
-16
Let m(q) = 51*q**2 + 598*q - 1019. Calculate m(-13).
-174
Let g(m) = 150*m - 176. Give g(8).
1024
Let f(k) = 2*k**3 + 231*k**2 - 1120*k - 4746. What is f(-120)?
54
Let o(b) = -3*b**3 - 6*b**2 - 19*b + 303. Calculate o(-7).
1171
Let t(u) = u**2 + 23424*u - 1079621. Give t(46).
-1
Let r(d) = 1175*d + 40542. Calculate r(-35).
-583
Let y(k) = -26637*k + 266371. What is y(10)?
1
Let d(c) = 24*c**2 - 628*c + 3903. Calculate d(16).
-1
Let z(l) = -4517*l + 72204. Give z(16).
-68
Let s(v) = -v**2 + 36